 7417. Calculate t(6).
19
Let m(u) = u**3 - 7*u**2 + 14*u. What is m(5)?
20
Let t(n) = -6*n**2 - 423*n - 178. Determine t(-70).
32
Let v(q) = 1666*q - 3337. Give v(2).
-5
Let f(n) = 3*n**3 + 19*n**2 - 135*n - 848. Give f(-7).
-1
Let h(k) = k**3 + 2*k**2 - 130*k - 147. What is h(11)?
-4
Let f(m) = -m**2 + 41*m - 106. Calculate f(39).
-28
Let i(n) = 2*n**3 + 30*n**2 - 147*n - 1788. Calculate i(-16).
52
Let n(w) = -290*w - 2510. What is n(-9)?
100
Let t(j) = 19*j**2 + 70*j - 68. What is t(-5)?
57
Let u(o) = 3897*o - 109117. What is u(28)?
-1
Let z(h) = -h**3 - 11*h**2 - 45*h + 49. Give z(-11).
544
Let b(k) = -75*k - 1391. What is b(-14)?
-341
Let j(h) = h**2 - 5*h + 54. Determine j(10).
104
Let a(n) = -n**3 - 6*n**2 + 7*n - 5. Calculate a(3).
-65
Let u(i) = 4*i**3 + 22*i**2 - 16*i - 73. Calculate u(-6).
-49
Let s(u) = -u**2 - 32*u + 29. Calculate s(-26).
185
Let l(n) = 4465*n + 35682. Calculate l(-8).
-38
Let o(f) = -126*f**3 - 4*f**2 + 5*f - 1. What is o(1)?
-126
Let j(f) = 4*f - 74. Give j(23).
18
Let w(f) = -f**3 + 5*f**2 + 111*f - 644. Give w(6).
-14
Let y(x) = -6*x**3 - 981*x**2 - 486*x + 492. Calculate y(-163).
3
Let d(g) = 8*g + 158. Calculate d(-10).
78
Let n(f) = 45*f + 27. Give n(5).
252
Let y(a) = 18*a - 173. Determine y(10).
7
Let m(d) = 4*d**2 + 553*d + 2677. Give m(-5).
12
Let a(u) = 57*u + 3806. What is a(-65)?
101
Let t(x) = -x**3 + 80*x**2 + 4*x - 385. Determine t(80).
-65
Let k(x) = x**3 + 15*x**2 + 22*x - 48. What is k(-12)?
120
Let i(y) = -155*y - 10378. Give i(-67).
7
Let m(g) = -g**3 + 6*g**2 + 46*g - 4. What is m(10)?
56
Let d(g) = -209*g + 2303. Give d(11).
4
Let y(j) = -836*j - 813. Determine y(-1).
23
Let b(v) = -7*v**2 + 65*v + 126. Give b(11).
-6
Let h(k) = k**3 - 14*k**2 + 30*k - 293. Determine h(13).
-72
Let r(h) = -11*h - 215. What is r(-10)?
-105
Let w(g) = 605*g + 3635. Give w(-6).
5
Let y(g) = 3*g**2 + 48*g - 36. Give y(-19).
135
Let a(i) = -2*i**2 - 15*i - 37. Calculate a(-5).
-12
Let d(n) = -5*n - 27. Determine d(15).
-102
Let l(w) = -4*w**2 + 14. Give l(4).
-50
Let u(z) = -2*z**3 + 11*z**2 + 721*z - 2923. Give u(4).
9
Let x(p) = 592*p - 1295. Calculate x(2).
-111
Let u(r) = -375*r + 10848. Determine u(29).
-27
Let f(p) = p**2 + 90*p - 5171. What is f(40)?
29
Let g(n) = 2*n**2 + 34*n - 71. Give g(-19).
5
Let r(u) = 9*u**2 + 57*u - 478. Calculate r(9).
764
Let b(t) = 26*t**2 - 160*t + 30. What is b(6)?
6
Let q(u) = 21*u - 217. What is q(16)?
119
Let h(j) = 55*j + 834. Give h(-15).
9
Let i(f) = 87631*f - 262887. What is i(3)?
6
Let c(j) = 185*j + 2776. Give c(-15).
1
Let g(o) = 2*o**2 - 29*o + 95. Determine g(13).
56
Let w(r) = -10*r - 146. What is w(-14)?
-6
Let z(b) = -b**3 + 38*b**2 + 3*b - 12. Give z(38).
102
Let d(y) = y**3 + 33*y**2 + 32*y - 4. What is d(-32)?
-4
Let b(s) = -s**2 + 21*s + 142. Determine b(-5).
12
Let o(i) = -i**2 + 19*i + 18. Calculate o(9).
108
Let n(m) = -26*m - 3482. What is n(-133)?
-24
Let f(g) = g**2 - 24*g - 1548. Give f(-29).
-11
Let l(a) = 437*a + 5606. Give l(-13).
-75
Let k(n) = -n**3 - 19*n**2 + 185*n + 3415. Determine k(-13).
-4
Let i(j) = -533*j - 36. Determine i(1).
-569
Let g(n) = -13*n + 163. What is g(-4)?
215
Let z(q) = 3*q**2 + 52*q - 91. Give z(-19).
4
Let y(k) = 38*k + 12. What is y(0)?
12
Let f(h) = h**3 + 138*h**2 - 564*h - 9. Give f(4).
7
Let f(s) = -8*s**2 + 79*s - 20. Give f(10).
-30
Let p(h) = 7*h**3 + 788*h**2 + 436*h - 1338. Calculate p(-112).
6
Let u(r) = 2539*r + 12702. Give u(-5).
7
Let x(b) = -9*b + 168. Give x(10).
78
Let n(p) = p**2 + 32*p + 124. Calculate n(0).
124
Let f(d) = 255*d + 498. Give f(-2).
-12
Let p(x) = 2*x - 24. Give p(12).
0
Let m(l) = 4*l**2 + 37*l + 113. Give m(-5).
28
Let y(b) = -83*b**3 - 6*b**2 + 5. Determine y(-1).
82
Let d(x) = -2*x**2 + 47*x - 86. Give d(20).
54
Let p(q) = -8*q**3 + 32*q**2 + 4*q - 11. Determine p(4).
5
Let f(h) = h**3 + 2*h**2 - 22*h + 4. Determine f(4).
12
Let s(p) = -3*p**2 + 211*p - 1155. What is s(64)?
61
Let r(v) = 1164*v**2 - 11634*v - 55. Give r(10).
5
Let l(d) = d + 8. What is l(-1)?
7
Let r(l) = -422*l - 1259. Give r(-3).
7
Let z(q) = -q**3 + 21*q**2 + 38*q + 178. What is z(23)?
-6
Let h(s) = -3*s**3 - 35*s**2 - 19*s + 57. Give h(-11).
24
Let y(n) = -n**3 + 7*n**2 - 19*n + 129. Calculate y(6).
51
Let y(i) = 211*i - 5281. Determine y(25).
-6
Let p(u) = 2*u**2 + 615*u - 2480. Determine p(4).
12
Let r(p) = 2*p**2 - 692*p - 42295. Give r(-53).
-1
Let x(u) = u**3 + 11*u**2 + 23*u - 13. What is x(-7)?
22
Let i(d) = 9*d**3 + 10*d + 43. Give i(-3).
-230
Let c(n) = -32*n**3 - 143*n**2 + 3*n - 6. Give c(-5).
404
Let k(g) = -156*g + 452. Give k(4).
-172
Let n(a) = 3*a**3 - 2*a**2 - 3*a + 3. Give n(-2).
-23
Let c(j) = -3*j**2 + 167*j + 43. Determine c(56).
-13
Let z(j) = j**3 + 5*j**2 - 6*j - 44. What is z(-8)?
-188
Let u(p) = p**2 - 23*p - 348. Calculate u(34).
26
Let a(i) = 27*i**2 + 24*i + 133. Give a(-5).
688
Let j(h) = 20*h - 114. Determine j(-2).
-154
Let c(a) = -a**3 + 66*a**2 + 208*a - 30. Give c(69).
39
Let j(n) = n**2 + 53*n + 188. Determine j(-48).
-52
Let q(k) = -96*k**2 - 575*k + 31. Give q(-6).
25
Let u(f) = 30*f**2 + 141*f + 87. What is u(-4)?
3
Let q(x) = -5*x - 63. Determine q(-13).
2
Let i(x) = -33*x + 739. What is i(22)?
13
Let g(l) = -48*l + 316. What is g(6)?
28
Let y(z) = -28*z - 172. Determine y(9).
-424
Let z(c) = -c**3 + 29*c**2 - 103*c + 24. What is z(26)?
-626
Let i(c) = -30*c + 15. What is i(-3)?
105
Let b(q) = -10*q**3 + 2*q**2 - q - 1. Determine b(3).
-256
Let a(z) = 367*z**2 - 1827*z - 22. Determine a(5).
18
Let q(r) = 861*r + 32714. Give q(-38).
-4
Let q(f) = -f**3 - 64*f**2 - 240*f - 6. Calculate q(-60).
-6
Let o(x) = -x**3 - 2*x**2 - 8*x + 13. Determine o(5).
-202
Let g(v) = -4*v**2 + 39*v + 213. Calculate g(-5).
-82
Let t(o) = 4*o**2 + 46*o + 21. Calculate t(-12).
45
Let j(u) = 2*u**2 - 43*u - 22. Determine j(13).
-243
Let g(t) = -40*t - 41. Give g(-4).
119
Let i(n) = -n**3 + 5*n**2 + 112*n - 468. What is i(4)?
-4
Let p(j) = -j**3 - 20*j**2 + 24*j + 56. Calculate p(-21).
-7
Let w(u) = u**2 + 26*u + 64. Calculate w(-21).
-41
Let m(z) = -109*z + 4. Give m(0).
4
Let p(y) = -96*y + 502. Give p(5).
22
Let l(a) = 2497*a + 1. Calculate l(0).
1
Let z(m) = -m**3 + 190*m**2 - 2136*m - 18. Calculate z(178).
-18
Let r(n) = 19*n**3 + 5*n**2 - 18*n + 47. What is r(3)?
551
Let s(r) = -4*r**2 - 27*r - 116. Give s(7).
-501
Let h(p) = -p**3 + 11*p**2 - 26*p + 173. Calculate h(9).
101
Let p(t) = t**3 + 2*t**2 - 21*t + 26. Calculate p(-6).
8
Let u(k) = -167*k - 6522. What is u(-39)?
-9
Let r(l) = 49*l - 568. Determine r(12).
20
Let u(k) = -2*k + 516. Calculate u(-24).
564
Let q(w) = 5*w**2 + 21*w + 82. Determine q(-5).
102
Let j(t) = 1005*t + 22058. Give j(-22).
-52
Let q(b) = -11*b**2 + 59*b - 402. Calculate q(8).
-634
Let z(c) = c**2 - 12*c + 50. Give z(0).
50
Let s(h) = 271*h - 12475. What is s(46)?
-9
Let c(b) = b**3 - 43*b**2 + 42*b - 18. What is c(42)?
-18
Let n(f) = -2*f**2 - 83*f - 53. What is n(-41)?
-12
Let h(i) = -i**2 + 135*i - 775. Give h(6).
-1
Let o(l) = 38*l - 265. Calculate o(7).
1
Let s(o) = -o**2 + 2*o + 45. Give s(17).
-210
Let a(l) = 10*l**2 - 13*l - 50. What is a(8)?
486
Let t(p) = -15*p - 8. Determine t(-10).
142
Let q(u) = u**3 - 45*u**2 - 178*u + 103. Give q(49).
985
Let i(f) = 6*f**3 + 50*f**2 + 122*f + 11. Calculate i(-3).
-67
Let j(f) = -1195*f - 26288. What is j(-22)?
2
Let w(d) = 97*d + 294. Give w(-4).
-94
Let p(w) = -5*w**2 - 79*w + 593. Calculate p(6).
-61
Let a(b) = 543*b - 2325. What is a(5)?
390
Let k(i) = 922*i + 26708. Calculate k(-29).
-30
Let g(k) = 11*k**2 + 302*k + 1647. Give g(-20).
7
Let c(x) = -2*x**3 + 18*x**2 - 5*x + 40. What is c(10)?
-210
Let s(q) = q**2 - 5*q - 348. Determine s(-19).
108
Let w(s) = s**2 + 8*s - 102. What is w(-13)?
-37
Let b(k) = -3*k**2 - 6*k + 22. Give b(-4).
-2
Let a(f) = -387*f + 59207. What is a(153)?
-4
Let k(q) = -79*q**2 + 15*q - 16. What is k(1)?
-80
Let h(t) = 6*t**2 - 41*t - 206. What is h(-10)?
804
Let b(f) = -109*f + 525. What is b(7)?
-238
Let z(w) = 72*w**2 + 22*w + 9. Give z(-1).
59
Let m(i) = 32*i + 1906. Determine m(-71).
-366
Let a(k) = -k**3 + 42*k**2 - 45*k + 37. Calculate a(41).
-127
Let m(g) = 6*g**2 - 43*g + 69. What is m(6)?
27
Let o(b) = -b**3 - 17*b**2 + 38*b - 65. Calculate o(-19).
-65
Let i(m) = 10*m**2 